ulate the greatest common factor of j and 90.
10
Suppose 32*l + 140 = 39*l. Let q be (-9 - -2)/(2/4). Let f = q + l. What is the highest common factor of f and 6?
6
Suppose -5*a + 122 = -2*z, -2*z = -a + 6*a - 118. Let g = a - 2. What is the highest common divisor of g and 55?
11
Let v(l) = l. Let c(x) = 12*x - 4. Let h(p) = c(p) - v(p). Let k be h(12). What is the highest common divisor of 16 and k?
16
Let c = -259 + 277. What is the highest common factor of 324 and c?
18
Suppose y = 3*j + 482, 2*y = -4 - 4. Let t be -4*(-3)/(-18)*j. Calculate the highest common factor of t and 12.
12
Suppose 0 = 24*g + 39*g - 252. Calculate the greatest common factor of g and 68.
4
Let f(k) = -15*k + 18. Let x be f(-2). Suppose -51*c + 6 = -x*c. Calculate the highest common divisor of 6 and c.
2
Suppose 7*r - 6*r = -3*i + 82, 0 = 4*r + 8. Calculate the highest common factor of 84 and i.
28
Suppose 22*t + 48 = 14*t. Let v(n) be the second derivative of -n**3/3 - 5*n**2 + n. Let p be v(t). Calculate the greatest common factor of p and 6.
2
Let i(r) = 10*r. Let g(j) = -9*j - 1. Let y(f) = -4*g(f) - 3*i(f). Let v be y(8). Suppose 0 = s - 8 - 5. Calculate the highest common divisor of s and v.
13
Let b = -7 - -3. Let f be (-24)/(-16) + 2/b. Let h be (f - -2) + 8 + -3. Calculate the highest common factor of 8 and h.
8
Let p be 8 + -6 + 1 - -8. What is the greatest common divisor of 352 and p?
11
Let x = 145 - -2. Let d = 10 + -16. Let h be d/(-4) + x/6. Calculate the greatest common factor of h and 65.
13
Suppose 3*i = n + 9, 2*n - 3 = -i + 3*n. Suppose -i*d + 42 = -0*d. Let f be (-13)/(-91) - (-208)/d. Calculate the greatest common factor of f and 10.
5
Suppose -c + 3*m + 96 = 0, 22*c - 76 = 21*c - m. What is the highest common divisor of 36 and c?
9
Suppose -u = 2*u - 3*o - 24, -2*u - 3*o - 9 = 0. Suppose u*v - 27 = -4*n, 3 = n - v - 9. What is the greatest common divisor of 6 and n?
3
Let w = 34 + -26. Suppose 21*r - 20*r + 2*h - 238 = 0, -3*h = 3*r - 705. Calculate the highest common divisor of w and r.
8
Let m(w) = -w**3 + 19*w**2 + 23*w - 171. Let v be m(19). What is the greatest common factor of 38 and v?
38
Let p be (-65)/(85/10 + -11). Calculate the greatest common factor of p and 247.
13
Let s(x) = 5*x**2 - 24*x - 19. Let b be s(-11). What is the highest common divisor of b and 34?
34
Let i = -574 - -585. Calculate the highest common factor of 649 and i.
11
Let q(o) = 2*o - 2. Let r be q(3). Suppose -146 = -w - 2*w - u, -r*w + 4*u + 184 = 0. Calculate the greatest common factor of w and 36.
12
Let g be 3/(-6)*(-4 - 0). Let s(f) = g*f**2 - 2*f - 1 + 2 + 9*f**2 - f. Let j be s(1). What is the greatest common divisor of j and 9?
9
Suppose 0 = -i + x + 32, -3*i + 9 + 105 = 3*x. Let o = -33 + 40. What is the greatest common factor of i and o?
7
Let z = -12 - -124. Let k(o) = -o**3 + 23*o**2 - 2*o + 54. Let w be k(23). Let q be -2*w*(-29 + 28). Calculate the greatest common divisor of q and z.
16
Suppose -5*k = 5*v - 0 - 125, -70 = -2*k + 3*v. What is the greatest common divisor of 58 and k?
29
Let l = 0 - -3. Suppose 4*x = -2*m - 0*x - 4, -4*m - l*x + 7 = 0. Let r(b) = 6*b + 2. Let z be r(7). Calculate the greatest common factor of z and m.
4
Suppose 0 = -6*u - 137 + 1391. What is the highest common divisor of 11 and u?
11
Suppose 10*m = 16*m - 18. Let i = 2 + 1. What is the highest common divisor of m and i?
3
Let i = 1340 - -226. What is the greatest common factor of i and 58?
58
Suppose y = h, -5*y - 5*h + 2*h + 40 = 0. Calculate the greatest common divisor of 75 and y.
5
Let s(f) = 31*f**3 + f**2 + f - 1. Let o be s(-1). Let m = o - -64. What is the highest common factor of 256 and m?
32
Let x be 5/(50/5648) + (-62)/(-310). Calculate the highest common factor of 5 and x.
5
Suppose -24*o + 986 = 5*o. What is the highest common divisor of 4 and o?
2
Let a = -45 - -69. Let w = 54 - a. What is the highest common factor of w and 150?
30
Let d(c) = 2*c**2 - 4*c + 34. Let r be d(4). Calculate the greatest common factor of 175 and r.
25
Suppose -73*a = -72*a + x - 62, -a + 3*x + 46 = 0. Calculate the highest common factor of 4 and a.
2
Let v be ((-28)/5)/(6/(-2055)). Let i be v/56 + (-2)/8. What is the greatest common divisor of 170 and i?
34
Suppose -4*s + 4*a + 72 = 0, -4*s + 0*s - 4*a + 72 = 0. Let b be 2/((-10)/(-3) + -3). What is the greatest common divisor of b and s?
6
Suppose -145*a + 133*a = -36. Calculate the greatest common factor of 177 and a.
3
Let a be (-2)/7 - 209/77. Let t be (12/8)/a*-2. Suppose -3*f + 21 = 2*c - t, -3*c + 23 = 2*f. Calculate the highest common divisor of 1 and c.
1
Suppose -b + x = -315, 4*b - 3*x - 1583 = -b. Suppose 52*t - 55*t = -87. Calculate the highest common factor of b and t.
29
Suppose -d - 1 + 4 = 0. Let i = 35543 - 35540. What is the greatest common factor of d and i?
3
Suppose 5*t + 89 = 3*n - 0*t, 0 = -4*n - 3*t + 167. Let k = 37 - n. Let u be 29 + (4 + k)*-1. What is the greatest common factor of u and 234?
26
Suppose -2*o - 258 = -2372. Suppose z - 11 = -10. Let f be o/42 - z/6. Calculate the greatest common factor of 225 and f.
25
Let m be (132/(-9))/(-11) - 1*155/(-3). Let u(v) = 54*v**2 - 1. Let i be u(-1). What is the highest common factor of i and m?
53
Let l = 26 - 11. Let h = 210 + -33. Suppose -k = -2*p + 6*p - 363, 2*p - h = k. Calculate the greatest common divisor of p and l.
15
Suppose -2*n + 4*g - g = -334, 5*g = n - 160. What is the greatest common factor of 20 and n?
10
Let l be (-6)/8 + (-342)/(-8). Let a be 42/(-5)*(-140)/l. Calculate the highest common factor of a and 140.
28
Suppose -5*w + 0*w + 222 = d, -3*d + 6 = 0. Let i = -7 + 10. Suppose i*p - 3 = 0, -5*f + p = -144 - 405. What is the highest common divisor of f and w?
22
Suppose -4*i + 223 = 167. Calculate the greatest common divisor of i and 42.
14
Let h = 13 - 8. Suppose -4*b + 0*x - h*x - 235 = 0, -5*b = 2*x + 315. Let q = 94 + b. What is the greatest common divisor of q and 203?
29
Let j be -1*1*27/(-9). Suppose -j*z - 2*o = 2*o + 6, 13 = 2*z - 3*o. What is the highest common factor of z and 1?
1
Let m be (-23)/((-759)/44) - (-164)/12. Calculate the highest common factor of m and 215.
5
Let r(i) = 139*i**2 + 5*i - 8. Let s be r(2). What is the greatest common divisor of s and 62?
62
Let f(b) = -b**2 + 45*b - 36. Let d be f(41). What is the greatest common factor of d and 48?
16
Let a(y) = -y**2 - 25*y + 51. Let s be a(-21). Calculate the highest common divisor of 180 and s.
45
Let q(d) = 3*d**3 - 2*d**2 + 12*d + 6. Let a(l) = l**3. Let c(n) = -4*a(n) + q(n). Let j be c(-5). Calculate the greatest common factor of j and 84.
21
Let n = 66 - 46. Let i = n + -12. Let r = -1 + i. Calculate the highest common divisor of r and 77.
7
Suppose 0 = -2*r - 5*x + 3*x + 6, -4*r + 18 = x. Suppose -2*f + 196 = r*g - 3*g, 5*g = 2*f + 476. Calculate the highest common factor of 12 and g.
12
Suppose -234*m - 4 = -236*m. Suppose -5*f - 11 = -6, 4*f - 36 = -m*b. Suppose 0 = -5*c + 3*c + 8. Calculate the greatest common divisor of b and c.
4
Suppose 0 = -22*r + 23*r. Let h be r/(-1) + (0 - -7). What is the highest common divisor of 1 and h?
1
Let l(m) = -8*m - 3. Let w be l(3). Let c be ((-4)/(-6))/((-9)/w). Let k be 117*(c/(-3) - -1). Calculate the greatest common factor of 26 and k.
13
Let y be (-117)/(-1*(-7)/(-63)). What is the greatest common divisor of y and 81?
81
Let o(c) = -2*c**3 - 5*c**2 - 17*c - 55. Let n be o(-5). Calculate the greatest common divisor of n and 248.
31
Let t = -997 - -1047. Calculate the greatest common divisor of 2 and t.
2
Let v(j) = 28*j + 173. Let k be v(9). What is the highest common factor of k and 51?
17
Let f(a) be the third derivative of a**5/12 + a**4/24 - 3*a**2. Let n be f(-1). Suppose n*z = 21 + 3. What is the highest common factor of 3 and z?
3
Let k be 78*(-56)/(-6)*10/40. Calculate the greatest common factor of k and 35.
7
Let v(s) = -s**3 - 4*s**2 - 5*s + 4. Let x be v(-4). Suppose 0 = 14*n - 55 - 113. Calculate the highest common divisor of x and n.
12
Let g(q) = q**2 + 19. Suppose -t - 11 = 4. Let f = 15 + t. Let c be g(f). Calculate the greatest common factor of 95 and c.
19
Let h(r) = r**2 - r + 26. Let g be h(6). What is the highest common divisor of 12 and g?
4
Let h(q) = 2*q**2 - 77*q + 347. Let d be 